{"id":14,"date":"2021-04-14T09:40:13","date_gmt":"2021-04-14T09:40:13","guid":{"rendered":"https:\/\/clinicas.pymeup.com\/?page_id=14"},"modified":"2021-04-20T09:57:27","modified_gmt":"2021-04-20T09:57:27","slug":"14-2","status":"publish","type":"page","link":"https:\/\/clinicas.pymeup.com\/index.php\/14-2\/","title":{"rendered":""},"content":{"rendered":"<p>[et_pb_section fb_built=&#8221;1&#8243; _builder_version=&#8221;4.9.2&#8243; use_background_color_gradient=&#8221;on&#8221; background_color_gradient_start=&#8221;rgba(255,255,255,0.38)&#8221; background_color_gradient_end=&#8221;rgba(255,255,255,0.76)&#8221; background_color_gradient_direction=&#8221;360deg&#8221; background_color_gradient_overlays_image=&#8221;on&#8221; background_enable_image=&#8221;off&#8221; background_position=&#8221;top_center&#8221; custom_margin=&#8221;0px|0px|0px|0px|false|false&#8221; custom_padding=&#8221;0px|0px|0px|0px|false|false&#8221;][et_pb_row _builder_version=&#8221;4.2.2&#8243;][et_pb_column type=&#8221;4_4&#8243; _builder_version=&#8221;4.2.2&#8243;][et_pb_text content_tablet=&#8221;&#8221; content_phone=&#8221;&#8221; content_last_edited=&#8221;on|phone&#8221; module_id=&#8221;top&#8221; _builder_version=&#8221;4.9.2&#8243; text_font=&#8221;Amatic SC|700|||||||&#8221; text_text_color=&#8221;#12876F&#8221; text_font_size=&#8221;47px&#8221; text_line_height=&#8221;1.8em&#8221; background_color=&#8221;RGBA(0,0,0,0)&#8221; text_orientation=&#8221;center&#8221; custom_margin=&#8221;3px||52px||false|false&#8221; custom_padding=&#8221;10px||||false|false&#8221; filter_saturate=&#8221;56%&#8221; filter_brightness=&#8221;103%&#8221; filter_invert=&#8221;6%&#8221; animation_style=&#8221;flip&#8221;]<\/p>\n<p>No cuidar tu cuerpo, puede pasar factura<\/p>\n<p>[\/et_pb_text][et_pb_text content_tablet=&#8221;&#8221; content_phone=&#8221;<\/p>\n<h2>Si empiezas a ponerle fin a tus dolores musculares, tu cuerpo te lo agradecer\u00e1.<\/h2>\n<p>&#8221; content_last_edited=&#8221;on|phone&#8221; _builder_version=&#8221;4.9.2&#8243; text_font=&#8221;Amatic SC|700|||||||&#8221; text_text_color=&#8221;#000000&#8243; text_font_size=&#8221;30px&#8221; text_orientation=&#8221;center&#8221; custom_margin=&#8221;-14px||-19px||false|false&#8221; hover_enabled=&#8221;0&#8243; locked=&#8221;off&#8221; sticky_enabled=&#8221;0&#8243;]<\/p>\n<p>Si empiezas a ponerle fin a tus dolores musculares, tu cuerpo te lo agradecer\u00e1.<\/p>\n<p>[\/et_pb_text][\/et_pb_column][\/et_pb_row][et_pb_row column_structure=&#8221;2_5,3_5&#8243; _builder_version=&#8221;4.9.2&#8243; _module_preset=&#8221;default&#8221; background_enable_image=&#8221;off&#8221;][et_pb_column type=&#8221;2_5&#8243; _builder_version=&#8221;4.9.2&#8243; _module_preset=&#8221;default&#8221;][et_pb_text _builder_version=&#8221;4.9.2&#8243; text_font=&#8221;Amatic SC|700|||||||&#8221; text_text_color=&#8221;#000000&#8243; text_font_size=&#8221;29px&#8221; header_font=&#8221;Amatic SC||||||||&#8221; width=&#8221;100%&#8221; custom_margin=&#8221;-14px||9px||false|false&#8221; custom_padding=&#8221;|0px||||&#8221; animation_style=&#8221;flip&#8221; hover_enabled=&#8221;0&#8243; locked=&#8221;off&#8221; sticky_enabled=&#8221;0&#8243;]<\/p>\n<p>&nbsp;<\/p>\n<p>&nbsp;<\/p>\n<p>Consigue tu diagn\u00f3stico y asesoramiento<\/p>\n<p>[\/et_pb_text][et_pb_text _builder_version=&#8221;4.9.2&#8243; text_font=&#8221;Bellota Text||||||||&#8221; text_font_size=&#8221;21px&#8221; text_orientation=&#8221;center&#8221; custom_padding=&#8221;|88px||||&#8221;]<\/p>\n<p style=\"text-align: left;\">Introduce tus datos para solicitar tu cita:<\/p>\n<p>[\/et_pb_text][et_pb_contact_form submit_button_text=&#8221;Reserva&#8221; _builder_version=&#8221;4.9.2&#8243; _module_preset=&#8221;default&#8221; custom_button=&#8221;on&#8221; button_text_color=&#8221;#12876F&#8221; button_border_radius=&#8221;10px&#8221;][et_pb_contact_field field_id=&#8221;Name&#8221; field_title=&#8221;Nombre&#8221; _builder_version=&#8221;3.16&#8243; button_text_size__hover_enabled=&#8221;off&#8221; button_one_text_size__hover_enabled=&#8221;off&#8221; button_two_text_size__hover_enabled=&#8221;off&#8221; button_text_color__hover_enabled=&#8221;off&#8221; button_one_text_color__hover_enabled=&#8221;off&#8221; button_two_text_color__hover_enabled=&#8221;off&#8221; button_border_width__hover_enabled=&#8221;off&#8221; button_one_border_width__hover_enabled=&#8221;off&#8221; button_two_border_width__hover_enabled=&#8221;off&#8221; button_border_color__hover_enabled=&#8221;off&#8221; button_one_border_color__hover_enabled=&#8221;off&#8221; button_two_border_color__hover_enabled=&#8221;off&#8221; button_border_radius__hover_enabled=&#8221;off&#8221; button_one_border_radius__hover_enabled=&#8221;off&#8221; button_two_border_radius__hover_enabled=&#8221;off&#8221; button_letter_spacing__hover_enabled=&#8221;off&#8221; button_one_letter_spacing__hover_enabled=&#8221;off&#8221; button_two_letter_spacing__hover_enabled=&#8221;off&#8221; button_bg_color__hover_enabled=&#8221;off&#8221; button_one_bg_color__hover_enabled=&#8221;off&#8221; button_two_bg_color__hover_enabled=&#8221;off&#8221;][\/et_pb_contact_field][et_pb_contact_field field_id=&#8221;Email&#8221; field_title=&#8221;Direcci\u00f3n de correo electr\u00f3nico&#8221; field_type=&#8221;email&#8221; _builder_version=&#8221;3.16&#8243; button_text_size__hover_enabled=&#8221;off&#8221; button_one_text_size__hover_enabled=&#8221;off&#8221; button_two_text_size__hover_enabled=&#8221;off&#8221; button_text_color__hover_enabled=&#8221;off&#8221; button_one_text_color__hover_enabled=&#8221;off&#8221; button_two_text_color__hover_enabled=&#8221;off&#8221; button_border_width__hover_enabled=&#8221;off&#8221; button_one_border_width__hover_enabled=&#8221;off&#8221; button_two_border_width__hover_enabled=&#8221;off&#8221; button_border_color__hover_enabled=&#8221;off&#8221; button_one_border_color__hover_enabled=&#8221;off&#8221; button_two_border_color__hover_enabled=&#8221;off&#8221; button_border_radius__hover_enabled=&#8221;off&#8221; button_one_border_radius__hover_enabled=&#8221;off&#8221; button_two_border_radius__hover_enabled=&#8221;off&#8221; button_letter_spacing__hover_enabled=&#8221;off&#8221; button_one_letter_spacing__hover_enabled=&#8221;off&#8221; button_two_letter_spacing__hover_enabled=&#8221;off&#8221; button_bg_color__hover_enabled=&#8221;off&#8221; button_one_bg_color__hover_enabled=&#8221;off&#8221; button_two_bg_color__hover_enabled=&#8221;off&#8221;][\/et_pb_contact_field][et_pb_contact_field field_id=&#8221;Message&#8221; field_title=&#8221;Mensaje&#8221; field_type=&#8221;text&#8221; fullwidth_field=&#8221;on&#8221; _builder_version=&#8221;3.16&#8243; button_text_size__hover_enabled=&#8221;off&#8221; button_one_text_size__hover_enabled=&#8221;off&#8221; button_two_text_size__hover_enabled=&#8221;off&#8221; button_text_color__hover_enabled=&#8221;off&#8221; button_one_text_color__hover_enabled=&#8221;off&#8221; button_two_text_color__hover_enabled=&#8221;off&#8221; button_border_width__hover_enabled=&#8221;off&#8221; button_one_border_width__hover_enabled=&#8221;off&#8221; button_two_border_width__hover_enabled=&#8221;off&#8221; button_border_color__hover_enabled=&#8221;off&#8221; button_one_border_color__hover_enabled=&#8221;off&#8221; button_two_border_color__hover_enabled=&#8221;off&#8221; button_border_radius__hover_enabled=&#8221;off&#8221; button_one_border_radius__hover_enabled=&#8221;off&#8221; button_two_border_radius__hover_enabled=&#8221;off&#8221; button_letter_spacing__hover_enabled=&#8221;off&#8221; button_one_letter_spacing__hover_enabled=&#8221;off&#8221; button_two_letter_spacing__hover_enabled=&#8221;off&#8221; button_bg_color__hover_enabled=&#8221;off&#8221; button_one_bg_color__hover_enabled=&#8221;off&#8221; button_two_bg_color__hover_enabled=&#8221;off&#8221;][\/et_pb_contact_field][\/et_pb_contact_form][\/et_pb_column][et_pb_column type=&#8221;3_5&#8243; _builder_version=&#8221;4.9.2&#8243; _module_preset=&#8221;default&#8221;][et_pb_image src=&#8221;https:\/\/clinicas.pymeup.com\/wp-content\/uploads\/2021\/04\/Gratis-diagnostico.png&#8221; title_text=&#8221;Gratis diagn\u00f3stico&#8221; _builder_version=&#8221;4.9.2&#8243; _module_preset=&#8221;default&#8221; hover_enabled=&#8221;0&#8243; sticky_enabled=&#8221;0&#8243;][\/et_pb_image][\/et_pb_column][\/et_pb_row][\/et_pb_section][et_pb_section fb_built=&#8221;1&#8243; _builder_version=&#8221;4.2.2&#8243;][et_pb_row _builder_version=&#8221;4.9.2&#8243; background_color=&#8221;#12876F&#8221; box_shadow_style=&#8221;preset1&#8243;][et_pb_column type=&#8221;4_4&#8243; _builder_version=&#8221;4.9.2&#8243; filter_hue_rotate=&#8221;106deg&#8221; animation_style=&#8221;slide&#8221;][et_pb_countdown_timer title=&#8221;Solo 20 citas disponibles &#8221; date_time=&#8221;2021-05-01 10:28&#8243; _builder_version=&#8221;4.9.2&#8243; header_font=&#8221;Bellota Text||||||||&#8221; numbers_font=&#8221;Bellota Text||||||||&#8221; use_background_color=&#8221;off&#8221;][\/et_pb_countdown_timer][\/et_pb_column][\/et_pb_row][\/et_pb_section][et_pb_section fb_built=&#8221;1&#8243; _builder_version=&#8221;4.9.2&#8243; background_color=&#8221;#18AD99&#8243;][et_pb_row _builder_version=&#8221;4.2.2&#8243;][et_pb_column type=&#8221;4_4&#8243; _builder_version=&#8221;4.2.2&#8243;][et_pb_text _builder_version=&#8221;4.9.2&#8243; text_font=&#8221;Bellota Text|700|||||||&#8221; text_text_color=&#8221;#FFFFFF&#8221; text_font_size=&#8221;37px&#8221; text_line_height=&#8221;1.3em&#8221; text_orientation=&#8221;center&#8221; custom_margin=&#8221;||-20px||false|false&#8221; hover_enabled=&#8221;0&#8243; sticky_enabled=&#8221;0&#8243;]<\/p>\n<p>Ellas han confiado en m\u00ed y han querido cont\u00e1rtelo<\/p>\n<p>[\/et_pb_text][\/et_pb_column][\/et_pb_row][et_pb_row _builder_version=&#8221;4.2.2&#8243;][et_pb_column type=&#8221;4_4&#8243; _builder_version=&#8221;4.2.2&#8243;][et_pb_text _builder_version=&#8221;4.9.2&#8243; text_font=&#8221;Bellota Text||||||||&#8221; text_text_color=&#8221;#ffffff&#8221; text_font_size=&#8221;32px&#8221; text_line_height=&#8221;1.4em&#8221; custom_margin=&#8221;||7px|||&#8221;]<\/p>\n<p style=\"text-align: center;\">Andrea G\u00f3mez<\/p>\n<p>[\/et_pb_text][et_pb_text _builder_version=&#8221;4.9.2&#8243; text_font=&#8221;|700|||||||&#8221; text_text_color=&#8221;#ffffff&#8221; text_font_size=&#8221;32px&#8221; text_line_height=&#8221;1.4em&#8221; background_color=&#8221;RGBA(0,0,0,0)&#8221; custom_margin=&#8221;||-20px||false|false&#8221;]<\/p>\n<p style=\"text-align: center;\">Especialista en fisioterapia y osteopat\u00eda<\/p>\n<p>[\/et_pb_text][\/et_pb_column][\/et_pb_row][et_pb_row column_structure=&#8221;1_2,1_2&#8243; _builder_version=&#8221;4.2.2&#8243;][et_pb_column type=&#8221;1_2&#8243; _builder_version=&#8221;4.2.2&#8243;][et_pb_image src=&#8221;https:\/\/clinicas.pymeup.com\/wp-content\/uploads\/2021\/03\/javier-sierra-6jopFhZkGGk-unsplash.jpg&#8221; _builder_version=&#8221;4.3.4&#8243; width=&#8221;80%&#8221; custom_margin=&#8221;0px||||false|false&#8221; custom_padding=&#8221;0px||||false|false&#8221; border_radii=&#8221;on|1000px|1000px|1000px|1000px&#8221;][\/et_pb_image][\/et_pb_column][et_pb_column type=&#8221;1_2&#8243; _builder_version=&#8221;4.2.2&#8243;][et_pb_text _builder_version=&#8221;4.9.2&#8243; text_font=&#8221;Bellota Text||||||||&#8221; text_text_color=&#8221;#ffffff&#8221; text_font_size=&#8221;19px&#8221; text_line_height=&#8221;1.6em&#8221; text_orientation=&#8221;center&#8221; locked=&#8221;off&#8221;]<\/p>\n<p>Directora de la cl\u00ednica, con m\u00e1s de 10 a\u00f1os de experiencia en el sector y en continua formaci\u00f3n para seguir mejorando.<\/p>\n<p>Apasionada por su trabajo, cercana que ofrece un tratamiento y soluci\u00f3n personalizado adaptado a cada paciente.<\/p>\n<p>Su principal objetivo es aliviar los dolores y molestias musculares que vivimos d\u00eda a d\u00eda para mejorar la calidad de vida y bienestar de todos sus pacientes.<\/p>\n<p>[\/et_pb_text][et_pb_text _builder_version=&#8221;4.2.2&#8243; text_font=&#8221;|700|||||||&#8221; text_text_color=&#8221;#ffffff&#8221; text_font_size=&#8221;22px&#8221; custom_margin=&#8221;-7px|||||&#8221; locked=&#8221;off&#8221;]<\/p>\n<p style=\"text-align: center;\">Conmigo est\u00e1s en buenas manos<\/p>\n<p>[\/et_pb_text][\/et_pb_column][\/et_pb_row][et_pb_row column_structure=&#8221;1_2,1_2&#8243; _builder_version=&#8221;4.2.2&#8243;][et_pb_column type=&#8221;1_2&#8243; _builder_version=&#8221;4.2.2&#8243;][et_pb_image src=&#8221;https:\/\/clinicas.pymeup.com\/wp-content\/uploads\/2021\/03\/mujer-opinion.png&#8221; _builder_version=&#8221;4.3.4&#8243; width=&#8221;23%&#8221; locked=&#8221;off&#8221;][\/et_pb_image][et_pb_image src=&#8221;https:\/\/clinicas.pymeup.com\/wp-content\/uploads\/2021\/03\/estrellas.png&#8221; _builder_version=&#8221;4.2.2&#8243; custom_margin=&#8221;|||14px|false|false&#8221; locked=&#8221;off&#8221;][\/et_pb_image][et_pb_text _builder_version=&#8221;4.3.4&#8243; custom_margin=&#8221;-12px|||||&#8221; locked=&#8221;off&#8221;]<\/p>\n<p><span>Un excelente mini-curso en el que se aprenden cosas muy interesantes para potenciar nuestra web.<\/span><\/p>\n<p><span>Muchas gracias por compartir con nosotros su metodolog\u00eda. Me ha parecido muy did\u00e1cticas y apropiadas todas sus recomendaciones. Debo hacer rese\u00f1as de libros en mi m\u00e1ster en franc\u00e9s y espa\u00f1ol y su blog me ha sido muy \u00fatil. Muy agradecida por compartir sus conocimientos con otras personas. Voy a continuar leyendo todas sus aportaciones en el blog. Se nota que domina bastantes temas. Saludos y muchas bendiciones.<\/span><\/p>\n<p><span><\/span><\/p>\n<p>[\/et_pb_text][\/et_pb_column][et_pb_column type=&#8221;1_2&#8243; _builder_version=&#8221;4.2.2&#8243;][et_pb_image src=&#8221;https:\/\/clinicas.pymeup.com\/wp-content\/uploads\/2021\/03\/mujer-opinion.png&#8221; _builder_version=&#8221;4.3.4&#8243; width=&#8221;23%&#8221; locked=&#8221;off&#8221;][\/et_pb_image][et_pb_image src=&#8221;https:\/\/clinicas.pymeup.com\/wp-content\/uploads\/2021\/03\/estrellas.png&#8221; _builder_version=&#8221;4.2.2&#8243; custom_margin=&#8221;|||14px|false|false&#8221;][\/et_pb_image][et_pb_text _builder_version=&#8221;4.3.4&#8243; custom_margin=&#8221;-12px|||||&#8221;]<\/p>\n<p><span>Excelente equipo y organizaci\u00f3n de las formaciones. Sin duda, una gran opci\u00f3n para saber y conocer lo necesario en materia de estrategias en Internet para hacer m\u00e1s y mejores negocios.<\/span><\/p>\n<p><span>Excelente equipo y organizaci\u00f3n de las formaciones. Sin duda, una gran opci\u00f3n para saber y conocer lo necesario en materia de estrategias en Internet para hacer m\u00e1s y mejores negocios.<\/span><\/p>\n<p><span><\/span><\/p>\n<p>[\/et_pb_text][\/et_pb_column][\/et_pb_row][et_pb_row column_structure=&#8221;1_3,1_3,1_3&#8243; _builder_version=&#8221;4.2.2&#8243;][et_pb_column type=&#8221;1_3&#8243; _builder_version=&#8221;4.2.2&#8243;][et_pb_image src=&#8221;https:\/\/clinicas.pymeup.com\/wp-content\/uploads\/2021\/03\/mujer-opinion.png&#8221; _builder_version=&#8221;4.3.4&#8243; width=&#8221;23%&#8221; locked=&#8221;off&#8221;][\/et_pb_image][et_pb_image src=&#8221;https:\/\/clinicas.pymeup.com\/wp-content\/uploads\/2021\/03\/estrellas.png&#8221; _builder_version=&#8221;4.2.2&#8243; custom_margin=&#8221;|||14px|false|false&#8221; locked=&#8221;off&#8221;][\/et_pb_image][et_pb_text _builder_version=&#8221;4.3.4&#8243; custom_margin=&#8221;-12px|||||&#8221; locked=&#8221;off&#8221;]<\/p>\n<p><span>Profesionales de los pies a la cabeza, trato inmejorable<\/span><\/p>\n<p><span>Muy contentos con ellos, un equipo de trabajo muy bien organizado con trato personalizado. Siempre que tenemos cualquier duda enseguida nos la resuelven. Recomendables porque su Equipo lo vale, gracias por vuestra ayuda y asesoramiento.<\/span><\/p>\n<p><span><\/span><\/p>\n<p>[\/et_pb_text][\/et_pb_column][et_pb_column type=&#8221;1_3&#8243; _builder_version=&#8221;4.2.2&#8243;][et_pb_image src=&#8221;https:\/\/clinicas.pymeup.com\/wp-content\/uploads\/2021\/03\/mujer-opinion.png&#8221; _builder_version=&#8221;4.3.4&#8243; width=&#8221;23%&#8221; locked=&#8221;off&#8221;][\/et_pb_image][et_pb_image src=&#8221;https:\/\/clinicas.pymeup.com\/wp-content\/uploads\/2021\/03\/estrellas.png&#8221; _builder_version=&#8221;4.2.2&#8243; custom_margin=&#8221;|||14px|false|false&#8221;][\/et_pb_image][et_pb_text _builder_version=&#8221;4.3.4&#8243; custom_margin=&#8221;-12px|||||&#8221;]<\/p>\n<p><span>Un excelente mini-curso en el que se aprenden cosas muy interesantes para potenciar nuestra web.<\/span><\/p>\n<p><span><strong>Lorem Ipsum<\/strong>\u00a0is simply dummy text of the printing and typesetting industry. Lorem Ipsum has been the industry&#8217;s standard dummy text ever since the 1500s, when an unknown printer took a galley of type and scrambled it to make a type specimen book. It has survived not only five centuries, but also the leap into electronic typesetting, remaining essentially unchanged. It was popularised in the 1960s with the release of Letraset sheets containing Lorem Ipsum passages, and more recently with desktop publishing software like Aldus PageMaker including versions of Lorem Ipsum.<\/span><\/p>\n<p><span><\/span><\/p>\n<p>[\/et_pb_text][\/et_pb_column][et_pb_column type=&#8221;1_3&#8243; _builder_version=&#8221;4.2.2&#8243;][et_pb_image src=&#8221;https:\/\/clinicas.pymeup.com\/wp-content\/uploads\/2021\/03\/mujer-opinion.png&#8221; _builder_version=&#8221;4.3.4&#8243; width=&#8221;23%&#8221; locked=&#8221;off&#8221;][\/et_pb_image][et_pb_image src=&#8221;https:\/\/clinicas.pymeup.com\/wp-content\/uploads\/2021\/03\/estrellas.png&#8221; _builder_version=&#8221;4.2.2&#8243; custom_margin=&#8221;|||14px|false|false&#8221; locked=&#8221;off&#8221;][\/et_pb_image][et_pb_text _builder_version=&#8221;4.3.4&#8243; custom_margin=&#8221;-12px|||||&#8221; locked=&#8221;off&#8221;]<\/p>\n<p><span>Un excelente mini-curso en el que se aprenden cosas muy interesantes para potenciar nuestra web.<\/span><\/p>\n<p><span><strong>Lorem Ipsum<\/strong>\u00a0is simply dummy text of the printing and typesetting industry. Lorem Ipsum has been the industry&#8217;s standard dummy text ever since the 1500s, when an unknown printer took a galley of type and scrambled it to make a type specimen book. It has survived not only five centuries, but also the leap into electronic typesetting, remaining essentially unchanged. It was popularised in the 1960s with the release of Letraset sheets containing Lorem Ipsum passages, and more recently with desktop publishing software like Aldus PageMaker including versions of Lorem Ipsum.<\/span><\/p>\n<p><span><\/span><\/p>\n<p>[\/et_pb_text][\/et_pb_column][\/et_pb_row][\/et_pb_section][et_pb_section fb_built=&#8221;1&#8243; _builder_version=&#8221;4.9.2&#8243; background_color=&#8221;#FFFFFF&#8221;][et_pb_row _builder_version=&#8221;4.2.2&#8243;][et_pb_column type=&#8221;4_4&#8243; _builder_version=&#8221;4.2.2&#8243;][et_pb_button button_url=&#8221;#top&#8221; button_text=&#8221;Quiero reservar mi cita con la Doctora Andrea&#8221; button_alignment=&#8221;center&#8221; _builder_version=&#8221;4.9.2&#8243; custom_button=&#8221;on&#8221; button_text_color=&#8221;#D1FFF6&#8243; button_bg_color=&#8221;#12876F&#8221; button_border_color=&#8221;RGBA(0,0,0,0)&#8221; background_layout_tablet=&#8221;&#8221; background_layout_phone=&#8221;&#8221; background_layout_last_edited=&#8221;on|desktop&#8221;][\/et_pb_button][\/et_pb_column][\/et_pb_row][\/et_pb_section][et_pb_section fb_built=&#8221;1&#8243; _builder_version=&#8221;4.3.4&#8243;][et_pb_row column_structure=&#8221;1_2,1_2&#8243; _builder_version=&#8221;4.3.4&#8243;][et_pb_column type=&#8221;1_2&#8243; _builder_version=&#8221;4.3.4&#8243;][et_pb_text _builder_version=&#8221;4.3.4&#8243;]<\/p>\n<p>Copyright \u00a9 2020<\/p>\n<p>[\/et_pb_text][\/et_pb_column][et_pb_column type=&#8221;1_2&#8243; _builder_version=&#8221;4.3.4&#8243;][et_pb_image src=&#8221;https:\/\/clinicas.pymeup.com\/wp-content\/uploads\/2021\/03\/logo-pymeup.png&#8221; _builder_version=&#8221;4.3.4&#8243; width=&#8221;30%&#8221; module_alignment=&#8221;right&#8221;][\/et_pb_image][\/et_pb_column][\/et_pb_row][\/et_pb_section]<\/p>\n","protected":false},"excerpt":{"rendered":"<p>[et_pb_section fb_built=&#8221;1&#8243; _builder_version=&#8221;4.9.2&#8243; use_background_color_gradient=&#8221;on&#8221; background_color_gradient_start=&#8221;rgba(255,255,255,0.38)&#8221; background_color_gradient_end=&#8221;rgba(255,255,255,0.76)&#8221; background_color_gradient_direction=&#8221;360deg&#8221; background_color_gradient_overlays_image=&#8221;on&#8221; background_enable_image=&#8221;off&#8221; background_position=&#8221;top_center&#8221; custom_margin=&#8221;0px|0px|0px|0px|false|false&#8221; custom_padding=&#8221;0px|0px|0px|0px|false|false&#8221;][et_pb_row _builder_version=&#8221;4.2.2&#8243;][et_pb_column type=&#8221;4_4&#8243; _builder_version=&#8221;4.2.2&#8243;][et_pb_text content_tablet=&#8221;&#8221; content_phone=&#8221;&#8221; content_last_edited=&#8221;on|phone&#8221; module_id=&#8221;top&#8221; _builder_version=&#8221;4.9.2&#8243; text_font=&#8221;Amatic SC|700|||||||&#8221; text_text_color=&#8221;#12876F&#8221; text_font_size=&#8221;47px&#8221; text_line_height=&#8221;1.8em&#8221; background_color=&#8221;RGBA(0,0,0,0)&#8221; text_orientation=&#8221;center&#8221; custom_margin=&#8221;3px||52px||false|false&#8221; custom_padding=&#8221;10px||||false|false&#8221; filter_saturate=&#8221;56%&#8221; filter_brightness=&#8221;103%&#8221; filter_invert=&#8221;6%&#8221; animation_style=&#8221;flip&#8221;] No cuidar tu cuerpo, puede pasar factura [\/et_pb_text][et_pb_text content_tablet=&#8221;&#8221; content_phone=&#8221; Si empiezas a ponerle fin a tus dolores musculares, tu cuerpo te [&hellip;]<\/p>\n","protected":false},"author":1,"featured_media":0,"parent":0,"menu_order":0,"comment_status":"closed","ping_status":"closed","template":"","meta":{"_et_pb_use_builder":"on","_et_pb_old_content":"","_et_gb_content_width":"","footnotes":""},"class_list":["post-14","page","type-page","status-publish","hentry"],"_links":{"self":[{"href":"https:\/\/clinicas.pymeup.com\/index.php\/wp-json\/wp\/v2\/pages\/14","targetHints":{"allow":["GET"]}}],"collection":[{"href":"https:\/\/clinicas.pymeup.com\/index.php\/wp-json\/wp\/v2\/pages"}],"about":[{"href":"https:\/\/clinicas.pymeup.com\/index.php\/wp-json\/wp\/v2\/types\/page"}],"author":[{"embeddable":true,"href":"https:\/\/clinicas.pymeup.com\/index.php\/wp-json\/wp\/v2\/users\/1"}],"replies":[{"embeddable":true,"href":"https:\/\/clinicas.pymeup.com\/index.php\/wp-json\/wp\/v2\/comments?post=14"}],"version-history":[{"count":7,"href":"https:\/\/clinicas.pymeup.com\/index.php\/wp-json\/wp\/v2\/pages\/14\/revisions"}],"predecessor-version":[{"id":51,"href":"https:\/\/clinicas.pymeup.com\/index.php\/wp-json\/wp\/v2\/pages\/14\/revisions\/51"}],"wp:attachment":[{"href":"https:\/\/clinicas.pymeup.com\/index.php\/wp-json\/wp\/v2\/media?parent=14"}],"curies":[{"name":"wp","href":"https:\/\/api.w.org\/{rel}","templated":true}]}}